 = 2*u, -4*b + u + 2*u = -8. Let a(j) = 2*j - 5*j - 1 - j + b*j. What are the prime factors of a(-2)?
3
What are the prime factors of ((-2)/(-3))/((-1)/(-48))?
2
Let c be (-2)/8 - 1/(-4). Suppose -5*d = -c*d - 165. List the prime factors of d.
3, 11
Suppose y - 5*j = 28, -3*y - 2*y + 4*j + 77 = 0. What are the prime factors of y?
13
Suppose 2*n = 3*k - n + 3, 12 = 3*k + 2*n. What are the prime factors of k?
2
Let z(n) = -n**2 - 7*n. Suppose 2*a = 3*a + 7. Let h be z(a). Suppose h*w = -4*w - 20, 4*r - 5*w - 65 = 0. List the prime factors of r.
2, 5
Suppose -49 + 17 = 4*y. What are the prime factors of y/(-28) - (-248)/14?
2, 3
Suppose -15 = -5*f + 10. Suppose -2*d + 35 = -2*j + 5*j, -f*j + 90 = 5*d. What are the prime factors of d?
19
What are the prime factors of 2*(-2 + (-18)/(-4))?
5
Suppose -s + 20 = 5*d, 0 = 3*d - 2*d - 1. List the prime factors of 12/(-90) - (-257)/s.
17
Let r = -3 - -1. Let t(p) = 3*p**2 + 2*p + 3. List the prime factors of t(r).
11
Let j be ((-4)/6)/((-6)/18). Suppose -j*z - 14 = -34. List the prime factors of z.
2, 5
Let n = 155 + 24. What are the prime factors of n?
179
Let h(l) be the first derivative of 9*l**3 - l**2/2 - 1. List the prime factors of h(1).
2, 13
Suppose 8 = c + 9, 4*c + 534 = 2*z. What are the prime factors of z?
5, 53
Let h = -39 - -83. What are the prime factors of h?
2, 11
Let y = -7 - -56. List the prime factors of y.
7
Let x(y) = -y - 2. Let o be x(-8). Suppose 4*z + 26 = o*z. What are the prime factors of z?
13
Let c = 18 - 26. Let j = c + 12. What are the prime factors of j?
2
Let c(o) be the second derivative of 7*o**3/6 - 15*o**2/2 - 5*o. What are the prime factors of c(8)?
41
Let x = -221 + 343. What are the prime factors of x?
2, 61
Suppose 3*t - 50 = 88. Suppose t = 5*d - 3*w, 3*w + 23 = 2*d + 1. List the prime factors of d.
2
Suppose 0 = 4*q - q - 339. List the prime factors of q.
113
Suppose -3*s = 4*w + 19, -5*w - 7*s - 30 = -2*s. List the prime factors of 40 - w/3*0.
2, 5
Let n(r) = -r**3 + 7*r**2 - 4*r - 8. Let s be n(6). Suppose -s*p + 10 + 2 = 0. Suppose -p*x + 4*g + 36 = x, -x + 5*g = -5. List the prime factors of x.
2, 5
Let z = -13 - -21. List the prime factors of z.
2
Let f = 331 + -178. What are the prime factors of f?
3, 17
Let q(p) = -24*p**3 + 3*p**2 - 5*p + 5. Let o(c) = 12*c**3 - c**2 + 2*c - 2. Let r(l) = -5*o(l) - 2*q(l). List the prime factors of r(-1).
11
Suppose -3*w + 13 = 2*d, 3 = -2*w + 13. Suppose -4*l = -2 + 6. What are the prime factors of (d + l)/((-12)/54)?
3
Let c = 678 - 303. List the prime factors of c.
3, 5
List the prime factors of 19/1 - 3*-1.
2, 11
Let j = 164 - 111. List the prime factors of j.
53
Suppose 5*z + 4*j - 54 = 0, 2*j - 4 = -2*j. Suppose -2*u + z = 3*u. List the prime factors of 4 + (0/(-1))/u.
2
Suppose q + 39 = 2*q. What are the prime factors of q?
3, 13
Let t(j) = j - 10. Let k be t(9). Let s(z) = -4*z + 1. Let d be s(k). Suppose c = d*c - 48. What are the prime factors of c?
2, 3
Let c(i) = i**3 + 13*i**2 + 7*i - 21. What are the prime factors of c(-12)?
3, 13
Suppose -3*k + 9 = -5*j - 12, j + 18 = -4*k. What are the prime factors of 164/14 - j/21?
2, 3
Suppose -4*r - 154 = 2*z, 0 = -5*r - 28 + 8. Let i = -29 - z. What are the prime factors of i?
2, 5
Let i be -1 - 1 - (-3 - 1). Suppose 0 = -i*t + 4*u + 24, -2*t - 3*t + 5*u = -55. List the prime factors of t.
2, 5
Let r = -11 + 13. Suppose -80 = -5*v - 4*p, 3*v + 0*p = r*p + 26. List the prime factors of v.
2, 3
Suppose -345 = -5*l + v + 200, 3*v = -4*l + 417. What are the prime factors of l?
2, 3
Let o be 2/4 + (-2924)/8. What are the prime factors of 6/8 - o/20?
19
Let o = -5 + 24. What are the prime factors of o?
19
Suppose 325 = 3*m - q, -189 = -2*m + 2*q + 25. What are the prime factors of m?
109
Let h(j) = -j**3 - j**2 + 2. Let t be h(0). Suppose -17 = -5*o - t. What are the prime factors of o?
3
What are the prime factors of (1/2)/(7/2114)?
151
Suppose 3*w - 62 = -26. Let v be (-30)/(-9) + 4/6. Suppose o - w = -v. List the prime factors of o.
2
Let f = 36 - -6. List the prime factors of f*((-10)/4)/(-5).
3, 7
Suppose z = 4*f - 47, 4*f + 0*f - 52 = -4*z. What are the prime factors of (-1)/((-2)/(2 + f))?
7
Suppose 2*z = -2*v + 5*z + 15, v = 3*z + 12. Suppose -v*x + 12 + 9 = 0. Suppose -4*t + 62 = 2*g, -2*g - 100 = 2*t - x*t. List the prime factors of t.
2, 3
Let s(v) = 6*v**2 + 2*v + 45. What are the prime factors of s(-6)?
3, 83
Let c be ((-9)/6)/(-3)*-4. Let q be (3/(-6))/(c/(-600)). What are the prime factors of (2/6)/((-5)/q)?
2, 5
Let g = 160 - 112. Suppose 0 = -2*p + 8, -4*p + 7*p - g = -4*j. List the prime factors of j.
3
Let l be ((-5)/(-20))/((-2)/(-376)). Suppose 2*n + o = -0*n + l, 0 = 4*n + 3*o - 99. List the prime factors of n.
3, 7
Suppose -3*z + 30 = 2*t - 7*z, 40 = 3*t - z. What are the prime factors of t?
13
Suppose -4*j + 251 = -17. What are the prime factors of j?
67
Let n(m) = -m**3 + 3*m**2 + 6*m - 5. Let u be n(4). Let g(t) = t - 1. Let a be g(u). What are the prime factors of (a - 19)*(-1)/1?
17
Let f(p) = -p - 6. Let c be f(-7). Suppose -5*j - 4*h + c + 14 = 0, -4*j + 12 = -4*h. Suppose -j*r - r = -28. List the prime factors of r.
7
Let i(z) = z - 4. Suppose 11 = l + 3. Let j be i(l). Let p(c) = -c**3 + 4*c**2 + 2*c + 4. List the prime factors of p(j).
2, 3
Let l(a) = a**2 + 6*a + 2. Let j be l(-5). Let v be (-30)/(-4)*6/9. Let u = v - j. What are the prime factors of u?
2
Suppose 2*v = -2*h - 12, -5*v = -3*h - v - 11. Let s = 10 + h. Suppose -16 = -s*r + 14. List the prime factors of r.
2, 3
Let y be ((-2)/(-5))/((-9)/(-45)). Let c(d) = 14*d**2 + d. List the prime factors of c(y).
2, 29
Let z(u) = u**3 - 8*u**2 + 3. Suppose w + 32 = 3*w. Suppose -w = -o - o. What are the prime factors of z(o)?
3
Let c(m) = m**2 - 16*m + 7. Suppose -4*b - 2*h + 62 = 0, 2*b = 5*h - 0 + 37. What are the prime factors of c(b)?
7
Suppose -3*r = -0*r - 111. Let k = r - 67. Let l = k - -42. What are the prime factors of l?
2, 3
Let z = 17 + -12. Suppose -4*c + 2*q - 38 = -8*c, 0 = -z*c - 2*q + 46. List the prime factors of c.
2
Suppose -5*r + 84 = -1. List the prime factors of r.
17
Let j = 7 + -4. Suppose j*v = z + 18 + 11, 5*z - 9 = v. What are the prime factors of v?
11
Let y be (-4)/(-10)*(1 + 259). Let j = 146 - y. Let b = j - 24. List the prime factors of b.
2, 3
Suppose -j - 16 = -5*j. Suppose -22 = -j*r + 6. Suppose 4*l - r = 3*l. List the prime factors of l.
7
Let n = 24 + -34. Let l = 5 - n. Suppose -l = -6*f + 3*f. What are the prime factors of f?
5
What are the prime factors of (6/5)/((-6)/(-105))?
3, 7
Let h(i) = i**3 + 11*i**2 - 13*i - 10. Let u be h(-12). List the prime factors of 4 + (-33)/(-6)*u.
3, 5
Suppose -4 = -3*b + 2*b. Suppose f = 4*v - 42, b*v + f - 26 = 20. What are the prime factors of v?
11
Let z = -73 - -228. List the prime factors of z.
5, 31
Let d(n) = 9*n**2 - 3*n - 1. Let w be d(3). Suppose 2*s - 5*p = -s + 56, 3*s = 2*p + w. Suppose -z + s = 3*k, -5*k - 2*z = -41 - 3. List the prime factors of k.
2, 5
Let m = -80 + 119. Suppose -u = -2*u - 3*b + 30, -2*u + b + m = 0. List the prime factors of u.
3, 7
Let b(l) = 39*l**3 - 2*l**2 + 2*l - 1. What are the prime factors of b(1)?
2, 19
Suppose 0 = -4*z - 1 + 21. Suppose 120 + z = 5*p. List the prime factors of p.
5
Let n(g) = g**3 + 4*g**2 - 5*g + 9. What are the prime factors of n(-5)?
3
What are the prime factors of (1 + 10/(-4))*-24?
2, 3
Suppose -4*h - 5*s + 79 = -2*h, 4 = 4*s. What are the prime factors of h?
37
Suppose 0 = -3*p - 2*p + 5. Let b(c) = 1 + 5*c**2 - c**2 - 2. What are the prime factors of b(p)?
3
Let u = 49 - -22. List the prime factors of u.
71
Let u(k) = -7*k + 13. What are the prime factors of u(-4)?
41
Suppose -5*i + h - 45 = 0, -2*h = 2*i - 3*i. List the prime factors of 56/9 + i/45.
2, 3
Let w(h) = -7*h - 16. Let v = -20 + 12. What are the prime factors of w(v)?
2, 5
Let q(b) = -7*b**2 + b. Let l be q(1). Let z = -4 - l. Suppose 10 = 3*f - z*f. What are the prime factors of f?
2, 5
Suppose 0*b - 2*b = 4*r - 58, 0 = -4*b - 12. Let l = r + 3. What are the prime factors of l?
19
Suppose -3*h - 15 = 0, 0 = s - 6*s - 4*h + 30. What are the prime factors of s?
2, 5
Suppose 0 = -3*i - 3*w + 243, -w = -10*i + 6*i + 339. What are the prime factors of i?
2, 3, 7
Suppose -6*s - k = -